
1
What is the greatest common factor of 30822 and 6072?
66
Calculate the highest common factor of 196 and 7798.
14
What is the highest common factor of 13013 and 5239?
169
Calculate the highest common factor of 1520 and 5905.
5
Calculate the highest common divisor of 2 and 43138.
2
What is the highest common divisor of 20223 and 526547?
749
Calculate the greatest common divisor of 84840 and 14.
14
What is the highest common divisor of 1035 and 58305?
345
Calculate the greatest common divisor of 2068 and 1316282.
1034
What is the greatest common factor of 200653 and 163?
163
Calculate the greatest common divisor of 289350 and 450.
450
Calculate the highest common divisor of 1 and 8629.
1
What is the highest common divisor of 508857 and 1704?
213
What is the highest common divisor of 3575 and 34463?
143
What is the greatest common factor of 32659 and 473?
11
Calculate the highest common divisor of 162 and 418932.
162
Calculate the greatest common factor of 21 and 41979.
21
Calculate the greatest common divisor of 958348 and 8.
4
Calculate the highest common factor of 7137 and 1586.
793
Calculate the greatest common factor of 1247 and 2752.
43
What is the greatest common factor of 1230 and 42804?
246
What is the highest common factor of 12 and 81572?
4
Calculate the highest common factor of 63903 and 126.
21
Calculate the greatest common divisor of 2996 and 1568.
28
What is the greatest common divisor of 98 and 1561504?
14
Calculate the greatest common divisor of 256 and 35680.
32
Calculate the highest common factor of 1211452 and 726.
242
What is the greatest common divisor of 297 and 109494?
99
What is the greatest common factor of 13 and 2860208?
13
What is the greatest common factor of 3135 and 400235?
1045
Calculate the highest common factor of 415 and 95367.
83
What is the highest common divisor of 100944 and 288?
144
What is the highest common divisor of 13406 and 4?
2
What is the highest common divisor of 241775 and 95?
95
Calculate the greatest common divisor of 1392 and 431056.
464
What is the highest common factor of 1317870 and 216?
54
What is the greatest common divisor of 17280 and 60840?
360
What is the highest common factor of 114 and 488338?
38
What is the greatest common divisor of 395 and 395?
395
Calculate the greatest common factor of 98562 and 18.
6
What is the highest common divisor of 212076 and 144?
36
Calculate the highest common divisor of 1470 and 336.
42
What is the highest common divisor of 9468 and 10188?
36
What is the highest common factor of 2856 and 24864?
168
Calculate the greatest common divisor of 3693750 and 3940.
1970
What is the highest common factor of 23 and 207?
23
What is the greatest common factor of 10428 and 444?
12
Calculate the greatest common factor of 161186 and 166.
166
What is the highest common divisor of 68320 and 5792?
32
What is the highest common divisor of 5611 and 18414?
31
What is the highest common divisor of 40345 and 10?
5
What is the highest common factor of 135 and 8445?
15
What is the greatest common divisor of 157570 and 140?
70
Calculate the highest common factor of 52 and 13853372.
52
What is the greatest common divisor of 1156 and 42092?
68
What is the greatest common divisor of 29205 and 1475?
295
What is the highest common divisor of 538602 and 14?
2
What is the greatest common factor of 126 and 22230?
18
Calculate the greatest common divisor of 205 and 37146.
41
Calculate the greatest common factor of 2587854 and 666.
222
Calculate the greatest common divisor of 72 and 42629.
1
Calculate the highest common factor of 868 and 271012.
28
Calculate the greatest common divisor of 666 and 235986.
222
Calculate the highest common factor of 17 and 59687.
17
Calculate the greatest common divisor of 513267 and 279.
93
Calculate the highest common divisor of 260968 and 32.
8
What is the greatest common divisor of 336 and 60333?
21
What is the greatest common factor of 268365 and 90?
15
Calculate the greatest common factor of 6027 and 142639.
2009
What is the highest common factor of 139933 and 7339?
41
Calculate the greatest common divisor of 3955 and 245.
35
What is the highest common factor of 3220900 and 20?
20
What is the highest common factor of 153639 and 3483?
387
Calculate the highest common divisor of 12016 and 48.
16
Calculate the greatest common divisor of 16093 and 95711.
847
Calculate the greatest common divisor of 4800 and 203550.
150
Calculate the greatest common divisor of 32559 and 6.
3
Calculate the highest common factor of 24461 and 122.
61
Calculate the highest common divisor of 36 and 624006.
18
What is the greatest common factor of 2810 and 25?
5
What is the greatest common divisor of 315 and 24825?
15
Calculate the highest common divisor of 4459 and 112.
7
What is the highest common factor of 324013 and 457?
457
What is the highest common divisor of 20328 and 11?
11
What is the greatest common factor of 291 and 1401747?
291
What is the highest common divisor of 699 and 62?
1
Calculate the greatest common divisor of 127 and 6858.
127
What is the highest common divisor of 5868 and 15811?
163
What is the highest common divisor of 768 and 82668?
12
Calculate the highest common divisor of 533 and 18941.
13
What is the highest common divisor of 2160 and 6444?
36
Calculate the highest common divisor of 21280 and 233548.
532
Calculate the highest common factor of 537 and 3171522.
537
Calculate the greatest common divisor of 3492 and 732.
12
Calculate the greatest common divisor of 1783093 and 741.
247
Calculate the highest common divisor of 116 and 35293.
29
What is the greatest common divisor of 13716 and 2115?
9
Calculate the highest common divisor of 412 and 1087165.
103
What is the greatest common divisor of 5504 and 203992?
344
What is the greatest common factor of 35730 and 1125?
45
What is the highest common divisor of 6273 and 5166?
369
Calculate the greatest common factor of 740931 and 1542.
771
Calculate the greatest common factor of 792 and 37917.
99
What is the highest common factor of 6795 and 1661?
151
What is the highest common divisor of 27071 and 759?
253
Calculate the highest common divisor of 6 and 80184.
6
What is the greatest common factor of 507 and 39741?
39
Calculate the highest common factor of 406 and 34452.
58
Calculate the greatest common factor of 19923 and 63891.
687
Calculate the highest common divisor of 41599 and 119.
17
What is the highest common factor of 1016 and 44831?
127
What is the highest common factor of 2491 and 10653?
53
What is the greatest common divisor of 230834 and 12238?
422
What is the highest common factor of 94131 and 171?
9
Calculate the highest common divisor of 79830 and 54.
18
What is the highest common factor of 29104 and 833?
17
Calculate the highest common factor of 1917908 and 372.
124
Calculate the highest common factor of 13920 and 49320.
120
What is the greatest common factor of 522 and 144797?
29
What is the greatest common factor of 19775 and 35030?
565
What is the highest common factor of 7825 and 400?
25
Calculate the greatest common factor of 92 and 287500.
92
Calculate the greatest common factor of 612232 and 14008.
824
Calculate the greatest common factor of 102 and 11373.
51
Calculate the highest common factor of 12516 and 70.
14
What is the greatest common divisor of 38 and 107806?
38
What is the highest common factor of 196 and 45913?
49
Calculate the highest common factor of 1 and 24551.
1
Calculate the highest common factor of 5481 and 51849.
63
Calculate the greatest common divisor of 6475 and 75.
25
Calculate the highest common divisor of 42126 and 1071.
357
Calculate the highest common factor of 1662309 and 2233.
319
Calculate the highest common factor of 102365 and 5.
5
Calculate the greatest common divisor of 321 and 1550751.
321
What is the highest common divisor of 199677 and 2727?
303
Calculate the highest common divisor of 55459 and 1147.
31
Calculate the highest common divisor of 110450 and 50.
50
Calculate the highest common divisor of 4572 and 198.
18
Calculate the highest common factor of 1560 and 15080.
520
Calculate the greatest common divisor of 1410 and 192606.
282
Calculate the highest common divisor of 7482 and 1218.
174
Calculate the highest common divisor of 561 and 1